rue
Is 47269307 composite?
False
Is 4108331 a prime number?
True
Is 32528953 a composite number?
False
Is 2369593 prime?
True
Is 953663 prime?
False
Is 419153 a prime number?
False
Is 36923071 prime?
True
Is 71911061 composite?
False
Is 5218267 a composite number?
True
Is 3717803 a composite number?
False
Is 4439257 composite?
False
Is 3307802 composite?
True
Is 9588091 a composite number?
False
Is 212917891 prime?
False
Is 7512377 composite?
False
Is 2667689 a prime number?
True
Is 4858417 a composite number?
False
Is 2081731 prime?
False
Is 7566053 composite?
True
Is 61167851 a prime number?
False
Is 1800137 composite?
False
Is 356974903 composite?
False
Is 5065069 a composite number?
True
Is 9614859 a prime number?
False
Is 139479151 a prime number?
False
Is 1710833 prime?
True
Is 1050557 a composite number?
True
Is 34255471 a prime number?
True
Is 159156047 a prime number?
True
Is 372728723 a prime number?
False
Is 82363 prime?
False
Is 16429909 composite?
False
Is 8818599 composite?
True
Is 943598849 prime?
False
Is 1503595 prime?
False
Is 173043139 a prime number?
True
Is 2104303 composite?
True
Is 19130063 prime?
False
Is 5796533 composite?
True
Is 50646071 a prime number?
False
Is 1789721 composite?
False
Is 3078833 a composite number?
False
Is 11999723 prime?
True
Is 94735241 prime?
True
Is 131950249 composite?
True
Is 1036009 prime?
False
Is 1757849 a composite number?
False
Is 75969749 a composite number?
True
Is 11271313 composite?
True
Is 65627539 a prime number?
False
Is 127430503 a prime number?
True
Is 43675238 prime?
False
Is 1716877 prime?
False
Is 47795597 prime?
True
Is 908101 a prime number?
True
Is 7682809 a prime number?
True
Is 18814745 prime?
False
Is 5686937 prime?
False
Is 1592593 a prime number?
False
Is 2715377 composite?
True
Is 271003 a prime number?
True
Is 204427 a prime number?
True
Is 48801106 a composite number?
True
Is 28765903 a prime number?
True
Is 29683469 composite?
False
Is 1888963 composite?
False
Is 21223583 a prime number?
True
Is 332359 prime?
False
Is 155798597 prime?
False
Is 6167717 composite?
True
Is 81967 composite?
False
Is 2309987 composite?
True
Is 50094521 prime?
True
Is 689425703 a prime number?
True
Is 652733 prime?
True
Is 20026451 a composite number?
False
Is 17469161 prime?
True
Is 9696101 a prime number?
False
Is 1512461 a composite number?
True
Is 187066667 a prime number?
True
Is 6750489 a composite number?
True
Is 51738655 a prime number?
False
Is 274163801 a composite number?
False
Is 1025519 a composite number?
True
Is 4188971 prime?
True
Is 1483511 a composite number?
True
Is 46735207 composite?
False
Is 3352957 prime?
True
Is 82534717 a prime number?
True
Is 2210066 prime?
False
Is 3075299 a prime number?
True
Is 11935799 composite?
True
Is 162001223 prime?
True
Is 629595779 composite?
False
Is 2987269 a prime number?
False
Is 97298203 prime?
False
Is 1258753 prime?
True
Is 125195197 prime?
True
Is 2300747 a composite number?
False
Is 14143 composite?
False
Is 5627341 a prime number?
False
Is 24395821 composite?
False
Is 1313281 prime?
False
Is 19040719 composite?
True
Is 83266097 a composite number?
True
Is 4871017 prime?
True
Is 334940491 prime?
True
Is 3239471 a composite number?
True
Is 9358747 a prime number?
True
Is 106855237 a composite number?
False
Is 104787623 composite?
True
Is 95598923 a prime number?
False
Is 456189 a composite number?
True
Is 3962821 composite?
True
Is 131186381 composite?
False
Is 52800047 composite?
False
Is 123329 prime?
False
Is 73266321 a composite number?
True
Is 470834899 a prime number?
True
Is 2572649 composite?
False
Is 489413 a composite number?
True
Is 614203 composite?
True
Is 31518643 a prime number?
False
Is 21081551 a prime number?
True
Is 2439715 a composite number?
True
Is 3606191 a composite number?
True
Is 8643431 a prime number?
False
Is 340211 a composite number?
False
Is 1614671 composite?
False
Is 9452189 a composite number?
True
Is 12975161 composite?
False
Is 9479111 a prime number?
True
Is 1443229 a prime number?
False
Is 3451835 a composite number?
True
Is 103314401 prime?
True
Is 9465871 composite?
False
Is 13546967 a prime number?
False
Is 754211 a composite number?
False
Is 4897289 prime?
False
Is 1822291 a prime number?
False
Is 92662931 composite?
False
Is 1768583 a prime number?
True
Is 24446599 a composite number?
True
Is 44009593 composite?
False
Is 113342323 prime?
False
Is 1797547 prime?
True
Is 185488517 a prime number?
True
Is 238958389 prime?
True
Is 7214573 a prime number?
True
Is 1716257989 prime?
True
Is 2567219 composite?
False
Is 115343941 composite?
True
Is 38612897 a prime number?
False
Is 122182 prime?
False
Is 111522731 a prime number?
True
Is 132241 a composite number?
False
Is 265231 a composite number?
False
Is 2308463 prime?
True
Is 43070227 a composite number?
False
Is 171767 composite?
True
Is 10404439 a composite number?
True
Is 608459 a prime number?
True
Is 2727329 a prime number?
False
Is 27438941 a prime number?
False
Is 222869407 composite?
False
Is 76326533 prime?
True
Is 30278713 a composite number?
False
Is 209951461 a composite number?
False
Is 33339901 composite?
True
Is 110675813 prime?
True
Is 29382457 a composite number?
True
Is 22117 composite?
True
Is 72048269 a prime number?
False
Is 1328389 prime?
False
Is 25696317 a prime number?
False
Is 27626329 a composite number?
False
Is 1638797 prime?
True
Is 159637 a prime number?
False
Is 264359 a prime number?
True
Is 25480139 a prime number?
False
Is 36536887 a composite number?
True
Is 1359488773 a composite number?
False
Is 27486377 a composite number?
False
Is 1001207 prime?
False
Is 15898357 prime?
False
Is 68883415 a prime number?
False
Is 886021001 a composite number?
False
Is 2273689 a composite number?
True
Is 2662537 prime?
False
Is 60035659 a composite number?
False
Is 4614749 prime?
True
Is 94816199 a composite number?
False
Is 1384879 a prime number?
True
Is 7520297 composite?
False
Is 1324853 a composite number?
True
Is 2608139 prime?
True
Is 16096783 a composite number?
True
Is 341800759 a composite number?
True
Is 282859217 prime?
True
Is 136443253 a composite number?
True
Is 1963771 a prime number?
False
Is 107758307 a prime number?
True
Is 1861469 prime?
True
Is 30223381 a composite number?
True
Is 1186609 composite?
True
Is 4605739 prime?
False
Is 2159371 prime?
False
Is 1142707 composite?
False
Is 560611 composite?
True
Is 667257 a composite number?
True
Is 1269013 a composite number?
False
Is 18979517 composite?
True
Is 9882055 composite?
True
Is 3898703 prime?
False
Is 48175727 a composite number?
False
Is 97845619 composite?
True
Is 11185147 composite?
False
Is 4671097 a composite number?
False
Is 365429 composite?
True
Is 89234257 composite?
True
Is 141618733 a composite number?
True
Is 1095671 prime?
True
Is 136321693 prime?
True
Is 601313623 composite?
False
Is 2095181 prime?
False
Is 33423917 prime?
True
Is 44183603 a composite number?
True
Is 965949 a composite number?
True
Is 28524367 a prime number?
True
Is 353838101 a prime number?
False
Is 194629 prime?
False
Is 18577703 a composite number?
False
Is 8531963 a prime number?
False
Is 423602 prime?
False
Is 36489503 prime?
False
Is 346760423 a prime number?
True
Is 21145639 a prime number?
True
Is 157535419 composite?
False
Is 25484141 prime?
True
Is 53868679 a prime number?
True
Is 56931151 a composite number?
False
Is 13567799 a prime number?
False
Is 17364641 a prime number?
False
Is 33237367 prime?
True
Is 53152579 a prime number?
True
Is 6601993 a prime number?
True
Is 567941 a composite number?
True
Is 53559821 a composite number?
True
Is 439129181 composite?
True
Is 10709135 a prime number?
False
Is 1086956177 a prime number?
True
Is 12096089 a prime number?
True
Is 23359807 composite?
True
Is 416201 a prime number?
True
Is 471489 prime?
False
Is 2993213 composite?
False
Is 3097309 prime?
True
Is 2539423 a prime number?
True
Is 5478409 a composite number?
True
Is 8307437 a composite number?
False
Is 1886611 prime?
True
Is 1283101 a prime number?
False
Is 787747 prime?
True
Is 186388483 prime?
True
Is 12801631 prime?
False
Is 18360869 a composite number?
False
Is 54657233 a prime number?
True
Is 29509057 composite?
False
Is 5311255 prime?
F